{"id":855,"date":"2017-07-14T08:31:02","date_gmt":"2017-07-14T08:31:02","guid":{"rendered":"https:\/\/preprod.chrysnahair.fr\/?page_id=855"},"modified":"2023-07-05T12:49:29","modified_gmt":"2023-07-05T12:49:29","slug":"faqs","status":"publish","type":"page","link":"https:\/\/preprod.chrysnahair.fr\/?page_id=855","title":{"rendered":"FAQS"},"content":{"rendered":"<section class=\"wpb-content-wrapper\"><p>[vc_row css=\u00a0\u00bb.vc_custom_1500022868101{padding-bottom: 51px !important;}\u00a0\u00bb][vc_column width=\u00a0\u00bb1\/6&Prime;][\/vc_column][vc_column width=\u00a0\u00bb4\/6&Prime;][vc_tta_accordion][vc_tta_section title=\u00a0\u00bbA quel moment dois je arriver ?\u00a0\u00bb tab_id=\u00a0\u00bb1500020942062-60b5ed7f-3235&Prime;][vc_column_text]Arrivez 10 minutes au moins avant le d\u00e9but de votre r\u00e9servation. Veuillez signaler en cas d&rsquo;impr\u00e9vu[\/vc_column_text][\/vc_tta_section][\/vc_tta_accordion][\/vc_column][vc_column width=\u00a0\u00bb1\/6&Prime;][\/vc_column][\/vc_row]<\/p>\n<\/section>","protected":false},"excerpt":{"rendered":"<p>[vc_row css=\u00a0\u00bb.vc_custom_1500022868101{padding-bottom: 51px !important;}\u00a0\u00bb][vc_column width=\u00a0\u00bb1\/6&Prime;][\/vc_column][vc_column width=\u00a0\u00bb4\/6&Prime;][vc_tta_accordion][vc_tta_section title=\u00a0\u00bbA quel moment dois je arriver ?\u00a0\u00bb tab_id=\u00a0\u00bb1500020942062-60b5ed7f-3235&Prime;][vc_column_text]Arrivez 10 minutes au moins avant le d\u00e9but de votre r\u00e9servation. Veuillez signaler en cas d&rsquo;impr\u00e9vu[\/vc_column_text][\/vc_tta_section][\/vc_tta_accordion][\/vc_column][vc_column width=\u00a0\u00bb1\/6&Prime;][\/vc_column][\/vc_row]<\/p>\n","protected":false},"author":1,"featured_media":0,"parent":0,"menu_order":0,"comment_status":"closed","ping_status":"closed","template":"","meta":[],"lang":"fr","translations":{"fr":855},"pll_sync_post":[],"_links":{"self":[{"href":"https:\/\/preprod.chrysnahair.fr\/index.php?rest_route=\/wp\/v2\/pages\/855"}],"collection":[{"href":"https:\/\/preprod.chrysnahair.fr\/index.php?rest_route=\/wp\/v2\/pages"}],"about":[{"href":"https:\/\/preprod.chrysnahair.fr\/index.php?rest_route=\/wp\/v2\/types\/page"}],"author":[{"embeddable":true,"href":"https:\/\/preprod.chrysnahair.fr\/index.php?rest_route=\/wp\/v2\/users\/1"}],"replies":[{"embeddable":true,"href":"https:\/\/preprod.chrysnahair.fr\/index.php?rest_route=%2Fwp%2Fv2%2Fcomments&post=855"}],"version-history":[{"count":1,"href":"https:\/\/preprod.chrysnahair.fr\/index.php?rest_route=\/wp\/v2\/pages\/855\/revisions"}],"predecessor-version":[{"id":2611,"href":"https:\/\/preprod.chrysnahair.fr\/index.php?rest_route=\/wp\/v2\/pages\/855\/revisions\/2611"}],"wp:attachment":[{"href":"https:\/\/preprod.chrysnahair.fr\/index.php?rest_route=%2Fwp%2Fv2%2Fmedia&parent=855"}],"curies":[{"name":"wp","href":"https:\/\/api.w.org\/{rel}","templated":true}]}}